-3 + 6).
-7
-12 + (-8 - (-19 - (-6 - 0)))
-7
Evaluate (18 - 15) + (2 - 1).
4
What is 3 + -2 - (-6 + -7 + 10)?
4
3 + 1 - (15 - 22)
11
What is the value of 5 + -2 + -4 - 2?
-3
0 - -1 - (0 + 7 + -10)
4
What is the value of 16 + -1 - (129 + -117)?
3
Evaluate 5 - 6 - 5 - (-2 + -2).
-2
Evaluate (1 - 3) + 2 - 0.
0
What is the value of 3 + (-1 - (1 - (4 - 6)))?
-1
What is -8 - (6 + 0 + -7)?
-7
(1 - 0) + 7 + (-15 - -8)
1
What is -2 - (-1 - -2 - 8)?
5
(-8 - -14) + -13 - -2
-5
What is 2 + (-2 - 4) - (24 + -26)?
-2
What is the value of 11 + 7 + -4 + -10?
4
What is the value of -3 + 1 - (3 - 4 - 2)?
1
What is the value of 1 + -4 + 23 + -15 + 0?
5
Evaluate (-10 - -12) + (3 - 11).
-6
Evaluate -16 - 0 - (-140 + 130).
-6
4 - ((-4 - -6) + -2 + 0)
4
Calculate -2 + -10 - (-5 + -8).
1
Evaluate (3 - 0) + (-2 - 2).
-1
What is (2 - 0) + -4 + -1 + 1?
-2
3 + -2 + 2 + (-21 - -13)
-5
What is -1 + 1 - -5 - 15 - -6?
-4
Calculate -22 + 26 + -1 + -6.
-3
Evaluate (-6 - -12) + (-4 - 1 - -5).
6
2 - (-1 - 1) - 9
-5
Evaluate (-4 - (-10 - -2)) + 6 + -5.
5
Evaluate 21 + -8 - -1 - (0 + 6).
8
What is 0 + -1 + (-5 - -1)?
-5
18 + (7 - 19) - 14
-8
(-2 - (0 - 1)) + -4 + 7
2
-5 + -5 + 6 + 6
2
Evaluate 3 + (2 + -2 + 2 - 3).
2
-5 - (3 - (6 + -4))
-6
Evaluate -3 + 3 + (1 - (1 + -4)).
4
Calculate (14 - 1) + 7 + -16.
4
Evaluate 0 + -3 - -1 - 3.
-5
Evaluate -1 - (1 - 0) - (9 + -12).
1
Calculate (17 - 13) + -7 + -1.
-4
What is 12 + -10 + 5 + (2 - 5)?
4
Calculate 2 + (1 - -4) + -11.
-4
Calculate (6 - (11 - 4)) + 5.
4
18 - (10 - 1) - 14
-5
7 - (7 - (-6 - -9))
3
What is (-6 - (2 + -3)) + (158 - 155)?
-2
Evaluate 2 + -1 + (0 - 0) + -3.
-2
What is (-4 - -3) + -2 + 5?
2
What is the value of -2 + -1 + 2 - 3?
-4
What is the value of -2 + 0 - (1 + 1) - -9?
5
Evaluate (7 - 20) + 8 + 7.
2
What is 1 + -1 + (6 - 2)?
4
What is -4 - (-2 - -1 - 2)?
-1
What is -3 + (5 + -9 - 0) + -1?
-8
Calculate 0 + 4 + (-25 - -24).
3
What is the value of -11 + -10 + 15 + -1 + 0?
-7
(-1 - -1) + 6 + -19 + 21
8
Evaluate (-10 - -12 - 0) + 5.
7
What is the value of -6 + 0 + 3 - 1?
-4
Calculate (-11 - -12) + (-15 - -12).
-2
What is the value of (8 - -13) + (-17 - -7)?
11
What is the value of -1 + -3 + 7 + -4 + 0?
-1
What is (2 - -4 - 5) + 3?
4
What is 0 + 1 + (3 + -4 - 3)?
-3
-9 - ((-4 - -7) + -7)
-5
What is the value of -39 + 29 - (-7 + -1)?
-2
What is the value of 8 + (2 - 16) + 3?
-3
What is (2 - 5) + 0 + (1 - 3)?
-5
What is 3 - (-2 + (3 - 2) + -1)?
5
5 + (6 - (8 + -1))
4
-3 - (-4 - -2 - 1)
0
Calculate (-5 - 1) + 1 - -5 - -7.
7
What is (-1 - -3 - 4) + 5?
3
What is (12 + -1 - 5) + (-5 - 0)?
1
What is the value of 10 - (3 - 0) - 3 - 6?
-2
Evaluate -5 + (15 - 4) + -5 - -1.
2
8 - (3 - 7) - 6
6
Calculate -8 + 3 + 2 - -4.
1
Evaluate -2 + (7 - 8) - 2.
-5
What is 2 - (0 - (0 + -6))?
-4
What is the value of -4 - ((-1 - 4) + (7 - 6))?
0
2 + -2 - (2 - (-3 - -6))
1
What is the value of -3 - (1 - (-2 - 6) - 3)?
-9
Evaluate -2 - (5 + -15 - -9).
-1
Calculate 13 + (-9 + (0 - -6) - 2).
8
Evaluate (-1 + 0 - 2) + (-1 - -2).
-2
What is the value of (0 - -2) + 3 + 1 + -3?
3
What is the value of (9 - 5) + -1 + -13 + 4?
-6
Evaluate 1 + 3 - (3 - 3 - -6).
-2
What is (4 - -1) + 1 - (-28 + 35)?
-1
What is the value of -9 - -4 - (-8 - -1) - 1?
1
Evaluate -12 + 12 + 4 + 1 + -3.
2
What is the value of -5 + (1 - (3 + -6 + 3))?
-4
What is 7 - 5 - (16 - 4)?
-10
What is -3 - ((1 - 1) + 15 + -13)?
-5
What is the value of 7 - ((9 - 3) + 0)?
1
What is the value of -11 + (1 - (-12 - -11))?
-9
What is -4 + 1 - (2 + (0 - 0))?
-5
What is the value of (-3 - 0) + -2 - -4?
-1
Calculate 5 + -1 + -8 - 1.
-5
Calculate (5 + -10 - -4) + -2.
-3
What is -6 - (1 + -5 + 0)?
-2
What is the value of -3 + 0 + 3 + 7 + -13?
-6
Calculate -6 + 3 + 0 + 2 + 0.
-1
Calculate 1 + (-6 - (1 - -1 - 5)).
-2
What is (1 - -8) + (89 - 98)?
0
Calculate -2 - -2 - -2 - 4.
-2
Calculate (-9 - (-3 + -6)) + (1 - 3).
-2
Calculate 3 - 3 - (4 - -1 - 6).
1
Calculate (-5 - -1) + (-5 - (-7 + 0)).
-2
Evaluate (0 - 9) + 11 - 7.
-5
What is the value of 12 + (-9 - (4 + -9))?
8
Calculate 0 - ((-4 - -4) + 0).
0
What is -7 + 0 + 6 - -6?
5
-4 + 3 - -6 - -2
7
Calculate (-4 - -6) + -1 + 2 + -3.
0
Evaluate 17 + -16 + -4 + 1 + 0.
-2
What is the value of -2 + 2 + -2 + 2?
0
Evaluate 1 + -10 + 0 + 11.
2
Calculate -7 - -11 - (5 - 0).
-1
What is the value of 6 + (-5 - (-2 + 0))?
3
Calculate (1 - 6) + -2 + 4 - -1.
-2
Calculate 1 - (-12 - -9) - (-2 + 13).
-7
What is the value of -4 + (-4 - -3 - -8)?
3
What is the value of 2 - 13 - (0 + -8)?
-3
What is the value of -5 + 6 + (-6 - 2 - -2)?
-5
What is the value of (-3 - 0) + 4 + 5 - -1?
7
What is (-11 - -3) + 1 - -10?
3
What is (6 + (-2 - 2) - 1) + 1?
2
Calculate -5 + 3 - (12 + -24).
10
Evaluate 4 + -2 + -2 + -2.
-2
What is 0 + 1 + -1 + -1 + -2?
-3
What is the value of (6 - (8 - 4)) + -3?
-1
What is the value of -7 - ((1 - 1) + (-23 - -19))?
-3
What is the value of 4 + 2 + (1 - 4)?
3
Calculate (-1 - 4) + 46 + -48.
-7
What is the value of (-1 - (3 + -9)) + (52 - 51)?
6
1 + (2 - 3) + -3
-3
Calculate (0 - 3) + 23 + -23.
-3
Calculate -10 + (-22 - -25 - (0 - 2)).
-5
Calculate 5 + 0 + 1 + -4.
2
What is 3 + (-1 - -2) + -3?
1
Calculate 2 + -10 + 4 - -10.
6
What is 0 + -2 - (2 - (-7 - -9))?
-2
(5 - 8) + 13 + -16
-6
Calculate 3 + -1 - (0 + 2 - 4).
4
(-1 - -1 - -1) + (87 - 90)
-2
-2 + (-6 - 1) + 1
-8
What is the value of -5 - (0 - -1 - 3)?
-3
98 - 88 - (-1 + 1)
10
7 + -4 + (7 - 14) + 4
0
What is the value of 10 + -10 + 0 + -5 + 12?
7
Evaluate (-12 - -7) + (-1 + 0 - -1).
-5
1 + 2 - (14 + -9)
-2
What is -10 + 5 + 12 + -3?
4
What is the value of -4 - ((3 + -5 - -1) + -2)?
-1
Calculate 3 + 2 - 1 - (2 - 1).
3
Evaluate -1 - (-2 - 1) - (0 + 1).
1
(-11 - (-6 - 4)) + -8 + 2
-7
Calculate 1 - (-5 - (3 - 7)).
2
Calculate -9 - -1 - (2 + -4 - 4).
-2
(-5 - -3) + 1 - (-63 + 67)
-5
What is (7 - 9) + 7 - 1?
4
(15 - 10) + (-6 - -4)
3
Evaluate 4 + -4 + 3 - (3 - -3).
-3
Calculate 2 + (-1 - -5) - 1.
5
(-18 + 10 - (-6 - 1)) + -3
-4
What is -3 + 3 + 8 + (6 - 23)?
-9
136 + -131 + (-1 - (0 - -1))
3
Calculate (-1 - 1) + (-32 - -31).
-3
Evaluate (10 - 3) + -14 - (-3 + -11).
7
What is 3 - (0 + (2 - -5))?
-4
Calculate -9 + 0 + (-5 - -9).
-5
What is the value of 22 + -19 - (1 - (0 - -2))?
4
3 - ((-5 - 2 - 1) + 18)
-7
What is 4 + -5 + 4 + 0?
3
Evaluate 4 + (-7 - (4 - 8)).
1
What is -1 + (1 - -2) + 1?
3
What is (-2 - -5) + 0 - 1 - -4?
6
Calculate -3 + 5 + -5 + 0.
-3
Calculate 1 - (-1 + -2 + 4 + 5).
-5
Calculate 2 - (5 + -1 + -5).
3
What is the value of (-1 + 0 - (7 + -10)) + 3?
5
What is (2 + 0 - -3) + (-13 - -3)?
-5
Calculate 5 + -9 + -4 - -1.
-7
Calculate 0 + (-2 - 0) + -4.
-6
Evaluate -4 - 0 - (-5 + -1 + 3).
-1
Calculate 3 - (1 - 0 - (11 - 16)).
-3
What is the value of (1 - (1 + (-1 - 0))) + -3?
-2
(-6 - -2) + 2 + (4 - 0)
2
What is -1 + 8 + (-5 - -1) + -4?
-1
Calculate 2 + -3 + -3 + 2 - -3.
1
What is the value of 23 + -37 - (1 + -10)?
-5
-74 - -88 - (3 - -3)
8
What is -6 + -1 - (-7 + 2)?
-2
-7 - (-19 + 12) - -7
7
Calculate 3 + (-8 - (-2 + (-4 - -7))).
-6
Calculate -1 + 2 + 4 + -4.
1
Calculate -2 - (4 - (-7 - -12)).
-1
What is the value of -1 - (-4 - (-1 - -3 - 0))?
5
What is -8 + (-7 - -6) + 2 + 1?
-6
What is the value of 3 + (2 - 1) + -4 + 3?
3
Evaluate -2 + (4 + -4 - -7) - 0.
5
Calculate 4 - (-2 - -3) - -2.
5
What is (8 - 15 - -1) + 5?
-1
Calculate (1 - 1) + (2 - (3 - 2)).
1
Calculate -6 - (1 + 0 + -3).
-4
6 + 11 + -5 - 5
7
Evaluate (7 - 0) + (2 - (-4 + 10)).
3
What is 6 - (-2 + 5 + -1)?
4
What is -4 - (-3 - 0 - 3)?
2
Calculate 3 + (-2 - 5) + 10.
6
What is the value of (-5 - (0 + -7)) + -1?
1
-4 + (-4 - -1 - -3) + -1
-5
What is (-3 - -7 - 10) + 4?
-2
Evaluate -4 - (-10 + 3 + 0).
3
Calculate -61 + 55 + (-2 + 6 - -2).
0
What is the value of 3 + (2 - (3 - -1))?
1
Calculate -52 - -64 - (0 + 5).
7
What is the value of 1 - 10 - (18 - 21)?
-6
Calculate 2 + ((-5 - -1) + -2 - -2).
-2
Evaluate 2 - (0 - -1 - -2).
-1
-3 + (-11 + 12 - -12)
10
(15 - 1) + (16 - 7 - 16)
7
Calculate -5 + -3 + (0 - -8 - 2).
-2
Calculate (2 - 3) + 4 + 2.
5
Calculate 2 - 4 - (-4 + 1).
1
What is -2 + (1 - -3) + -6?
-4
-3 + (0 - (-3 - -7)) + 3
-4
What is -11 + (9 - (10 + -10))?
-2
Calculate 3 + (-2 - (1 - -1)) + 4.
3
Evaluate 1 - -11 - (-29 - -49).
-8
Calculate (-1 - (0 - -4)) + (27 - 24).
-2
Evaluate 10 - (-9 + 22) - (-1 - 0).
-2
Evaluate 0 + 3 - (23 - 19